{"id":10,"date":"2024-11-12T10:32:31","date_gmt":"2024-11-12T10:32:31","guid":{"rendered":"https:\/\/roosa.kallio.org\/?page_id=10"},"modified":"2024-11-12T10:32:31","modified_gmt":"2024-11-12T10:32:31","slug":"tietoja","status":"publish","type":"page","link":"https:\/\/roosa.kallio.org\/index.php\/tietoja\/","title":{"rendered":"Tietoja"},"content":{"rendered":"\n<p>Saatat olla taitelija, joka haluaisi esitell\u00e4 itsens\u00e4 ja t\u00f6it\u00e4ns\u00e4 t\u00e4\u00e4ll\u00e4. Tai ehk\u00e4 sinulla on yritys, jonka teht\u00e4v\u00e4n haluat jakaa.<\/p>\n","protected":false},"excerpt":{"rendered":"<p>Saatat olla taitelija, joka haluaisi esitell\u00e4 itsens\u00e4 ja t\u00f6it\u00e4ns\u00e4 t\u00e4\u00e4ll\u00e4. Tai ehk\u00e4 sinulla on yritys, jonka teht\u00e4v\u00e4n haluat jakaa.<\/p>\n","protected":false},"author":1,"featured_media":7,"parent":0,"menu_order":0,"comment_status":"closed","ping_status":"closed","template":"","meta":{"footnotes":""},"class_list":["post-10","page","type-page","status-publish","has-post-thumbnail","hentry"],"jetpack_sharing_enabled":true,"_links":{"self":[{"href":"https:\/\/roosa.kallio.org\/index.php\/wp-json\/wp\/v2\/pages\/10"}],"collection":[{"href":"https:\/\/roosa.kallio.org\/index.php\/wp-json\/wp\/v2\/pages"}],"about":[{"href":"https:\/\/roosa.kallio.org\/index.php\/wp-json\/wp\/v2\/types\/page"}],"author":[{"embeddable":true,"href":"https:\/\/roosa.kallio.org\/index.php\/wp-json\/wp\/v2\/users\/1"}],"replies":[{"embeddable":true,"href":"https:\/\/roosa.kallio.org\/index.php\/wp-json\/wp\/v2\/comments?post=10"}],"version-history":[{"count":1,"href":"https:\/\/roosa.kallio.org\/index.php\/wp-json\/wp\/v2\/pages\/10\/revisions"}],"predecessor-version":[{"id":16,"href":"https:\/\/roosa.kallio.org\/index.php\/wp-json\/wp\/v2\/pages\/10\/revisions\/16"}],"wp:featuredmedia":[{"embeddable":true,"href":"https:\/\/roosa.kallio.org\/index.php\/wp-json\/wp\/v2\/media\/7"}],"wp:attachment":[{"href":"https:\/\/roosa.kallio.org\/index.php\/wp-json\/wp\/v2\/media?parent=10"}],"curies":[{"name":"wp","href":"https:\/\/api.w.org\/{rel}","templated":true}]}}